{"id":4036,"date":"2016-06-21T20:22:00","date_gmt":"2016-06-21T17:22:00","guid":{"rendered":"http:\/\/keijok.kapsi.fi\/blog\/?page_id=4036"},"modified":"2025-08-05T11:32:37","modified_gmt":"2025-08-05T08:32:37","slug":"info","status":"publish","type":"page","link":"https:\/\/keijok.kapsi.fi\/blog\/?page_id=4036","title":{"rendered":"Info"},"content":{"rendered":"<pre><em>Tyypillinen suomalainen. Ei puhu eik\u00e4 pukahda, on vaan.<\/em>\n- Keijo Karvonen 2009<\/pre>\n<p>Nurmij\u00e4rvell\u00e4 asusteleva ICT-konsultti joka harrastaa valokuvausta.<\/p>\n<p><strong>keijok<\/strong> at <strong>kapsi<\/strong> dot <strong>fi<\/strong><\/p>\n<h1>Valokuvauskalusto, digi<\/h1>\n<ul>\n<li>Canon R5<\/li>\n<li>Canon R<\/li>\n<li>Canon RF 28mm f\/2.8 STM<\/li>\n<li>Canon RF 24-240mm f\/4-6.3 IS USM<\/li>\n<li>Canon RF 10-20mm f\/4 L IS STM<\/li>\n<li>Canon RF 100-500 f\/4.5-7.1 L IS USM<\/li>\n<li>Canon RF 100mm f\/2.8 L Macro IS USM<\/li>\n<li>Sirui 35mm t\/2.9 Anamorphic 1.6x FF<\/li>\n<li>Canon TS 35mm f2.8 S.S.C.<\/li>\n<li>Laowa 24mm f\/14<\/li>\n<li>Lensbaby 5.8mm f\/3.5 Fisheye<\/li>\n<li>Canon EF-EOS R -adpateri<\/li>\n<li>Canon Speedlite 600EX-RT -salama<\/li>\n<li>Canon MR-14EX II Macro Ring Light<\/li>\n<li>Canon 90EX -salama<\/li>\n<li>YoungNuo YN-E3-RT Speedlite Transmitter<\/li>\n<li>Sirui -hiilikuitujalusta<\/li>\n<li>Peak Design Travel Tripod<\/li>\n<\/ul>\n<h1>Valokuvauskalusto, filmi<\/h1>\n<ul>\n<li>Hasselblad 903SWC<\/li>\n<li>Minilta CLE<\/li>\n<li>Minolta M-Rokkor 40mm f\/2<\/li>\n<li>Voigtl\u00e4nder Color-Scopar 21mm f\/3.5<\/li>\n<\/ul>\n<h1>Kaikki t\u00e4ll\u00e4 sivustolla oleva materiaali \u00a9 Keijo Karvonen<br \/>\nAll matherial found on these pages \u00a9 Keijo Karvonen<\/h1>\n","protected":false},"excerpt":{"rendered":"<p>Tyypillinen suomalainen. Ei puhu eik\u00e4 pukahda, on vaan. &#8211; Keijo Karvonen 2009 Nurmij\u00e4rvell\u00e4 asusteleva ICT-konsultti joka harrastaa valokuvausta. keijok at kapsi dot fi Valokuvauskalusto, digi Canon R5 Canon R Canon RF 28mm f\/2.8 STM Canon RF 24-240mm f\/4-6.3 IS USM &hellip; <a href=\"https:\/\/keijok.kapsi.fi\/blog\/?page_id=4036\">Lue loppuun <span class=\"meta-nav\">&rarr;<\/span><\/a><\/p>\n","protected":false},"author":1,"featured_media":0,"parent":0,"menu_order":1,"comment_status":"closed","ping_status":"closed","template":"","meta":{"footnotes":""},"class_list":["post-4036","page","type-page","status-publish","hentry"],"_links":{"self":[{"href":"https:\/\/keijok.kapsi.fi\/blog\/index.php?rest_route=\/wp\/v2\/pages\/4036","targetHints":{"allow":["GET"]}}],"collection":[{"href":"https:\/\/keijok.kapsi.fi\/blog\/index.php?rest_route=\/wp\/v2\/pages"}],"about":[{"href":"https:\/\/keijok.kapsi.fi\/blog\/index.php?rest_route=\/wp\/v2\/types\/page"}],"author":[{"embeddable":true,"href":"https:\/\/keijok.kapsi.fi\/blog\/index.php?rest_route=\/wp\/v2\/users\/1"}],"replies":[{"embeddable":true,"href":"https:\/\/keijok.kapsi.fi\/blog\/index.php?rest_route=%2Fwp%2Fv2%2Fcomments&post=4036"}],"version-history":[{"count":15,"href":"https:\/\/keijok.kapsi.fi\/blog\/index.php?rest_route=\/wp\/v2\/pages\/4036\/revisions"}],"predecessor-version":[{"id":11558,"href":"https:\/\/keijok.kapsi.fi\/blog\/index.php?rest_route=\/wp\/v2\/pages\/4036\/revisions\/11558"}],"wp:attachment":[{"href":"https:\/\/keijok.kapsi.fi\/blog\/index.php?rest_route=%2Fwp%2Fv2%2Fmedia&parent=4036"}],"curies":[{"name":"wp","href":"https:\/\/api.w.org\/{rel}","templated":true}]}}